{"id":356,"date":"2025-03-05T15:53:40","date_gmt":"2025-03-05T14:53:40","guid":{"rendered":"https:\/\/abaddelapuente.com\/?post_type=servicio&#038;p=356"},"modified":"2025-03-09T16:39:37","modified_gmt":"2025-03-09T15:39:37","slug":"sucesiones-y-donaciones","status":"publish","type":"servicio","link":"https:\/\/abaddelapuente.com\/en\/servicio\/sucesiones-y-donaciones\/","title":{"rendered":"Successions and Donations"},"content":{"rendered":"<p>En el aspecto personal:<\/p>\n\n\n\n<ul class=\"wp-block-list\">\n<li>Redacci\u00f3n de testamentos y disposiciones testamentarias.<\/li>\n\n\n\n<li>Redacci\u00f3n de inventario y valoraci\u00f3n de bienes en caso de sucesi\u00f3n personal.<\/li>\n\n\n\n<li>Negociaci\u00f3n y redacci\u00f3n de propuesta de cuaderno particional de los bienes de la persona fallecida.<\/li>\n\n\n\n<li>Desempe\u00f1o del cargo de albacea y\/o contador partidor en una herencia.<\/li>\n\n\n\n<li>Donaciones.<\/li>\n<\/ul>\n\n\n\n<p>Y respecto de la empresa:<\/p>\n\n\n\n<ul class=\"wp-block-list\">\n<li>Negociaci\u00f3n y redacci\u00f3n de protocolos familiares para regular la sucesi\u00f3n en la empresa.<\/li>\n<\/ul>","protected":false},"excerpt":{"rendered":"<p>Aunque forma parte del derecho civil, abordamos la sucesi\u00f3n de manera independiente por su impacto en el patrimonio. Una planificaci\u00f3n adecuada asegura la continuidad de las empresas y evita que los conflictos econ\u00f3micos afecten a las familias de forma irreversible.<\/p>","protected":false},"featured_media":723,"template":"","class_list":["post-356","servicio","type-servicio","status-publish","has-post-thumbnail","hentry"],"acf":[],"_links":{"self":[{"href":"https:\/\/abaddelapuente.com\/en\/wp-json\/wp\/v2\/servicio\/356","targetHints":{"allow":["GET"]}}],"collection":[{"href":"https:\/\/abaddelapuente.com\/en\/wp-json\/wp\/v2\/servicio"}],"about":[{"href":"https:\/\/abaddelapuente.com\/en\/wp-json\/wp\/v2\/types\/servicio"}],"version-history":[{"count":0,"href":"https:\/\/abaddelapuente.com\/en\/wp-json\/wp\/v2\/servicio\/356\/revisions"}],"wp:featuredmedia":[{"embeddable":true,"href":"https:\/\/abaddelapuente.com\/en\/wp-json\/wp\/v2\/media\/723"}],"wp:attachment":[{"href":"https:\/\/abaddelapuente.com\/en\/wp-json\/wp\/v2\/media?parent=356"}],"curies":[{"name":"wp","href":"https:\/\/api.w.org\/{rel}","templated":true}]}}

<p>En el aspecto personal:</p>



<ul class="wp-block-list">
<li>Redacción de testamentos y disposiciones testamentarias.</li>



<li>Redacción de inventario y valoración de bienes en caso de sucesión personal.</li>



<li>Negociación y redacción de propuesta de cuaderno particional de los bienes de la persona fallecida.</li>



<li>Desempeño del cargo de albacea y/o contador partidor en una herencia.</li>



<li>Donaciones.</li>
</ul>



<p>Y respecto de la empresa:</p>



<ul class="wp-block-list">
<li>Negociación y redacción de protocolos familiares para regular la sucesión en la empresa.</li>
</ul>

<p>Aunque forma parte del derecho civil, abordamos la sucesión de manera independiente por su impacto en el patrimonio. Una planificación adecuada asegura la continuidad de las empresas y evita que los conflictos económicos afecten a las familias de forma irreversible.</p>
